{"id":2152,"date":"2025-11-30T13:22:12","date_gmt":"2025-11-30T13:22:12","guid":{"rendered":"https:\/\/magiacompra.com\/?post_type=product&#038;p=2152"},"modified":"2025-12-10T11:22:55","modified_gmt":"2025-12-10T11:22:55","slug":"roughing-stick-harry-robson-antiderrapante-en-barra","status":"publish","type":"product","link":"https:\/\/magiacompra.com\/index.php\/producto\/roughing-stick-harry-robson-antiderrapante-en-barra\/","title":{"rendered":"Roughing stick Harry Robson (Antiderrapante en barra)"},"content":{"rendered":"<p>\u00a1El palo no deja RESIDUOS, y con el palo de suministrado puede crear al menos 150 mazos invisibles! Esto es, a todos los efectos, un suministro DE POR VIDA.<\/p>\n<p>\u00bfLa mejor parte? Es muy barato. Imagina las posibilidades que podr\u00e1s fabricar: Brainwave, Invisible Deck\u2026<\/p>\n<p>Muchos trucos originales que habr\u00edan requerido un cobertizo de pulverizaci\u00f3n o un artesano para fabricar ahora se pueden hacer en la mesa de tu cocina en cuesti\u00f3n de minutos.<\/p>\n<p>Para ver cu\u00e1n pr\u00e1ctico es, puedes ver a Harry Robson hacer una cubierta invisible en menos de dos minutos en el trailer. Es una gran tecnolog\u00eda nueva a un precio inmejorable.<\/p>\n<p><strong>INSTRUCCIONES EN V\u00cdDEO (Ingl\u00e9s)<\/strong><\/p>\n<p><iframe loading=\"lazy\" title=\"Roughing Sticks Harry Robson\" width=\"1080\" height=\"608\" src=\"https:\/\/www.youtube.com\/embed\/rfFk2oRTP8s?feature=oembed\"  allow=\"accelerometer; autoplay; clipboard-write; encrypted-media; gyroscope; picture-in-picture; web-share\" referrerpolicy=\"strict-origin-when-cross-origin\" allowfullscreen><\/iframe><\/p>\n","protected":false},"excerpt":{"rendered":"<div id=\"product-description-short-15416\" class=\"product-description\">\n<p>Sal del paso r\u00e1pidamente con el antiderrapante en barra. En cualquier lugar, sin olores, como un antiderrapante en spray, con la capacidad de saber donde poder aplicarlo.Treinta a\u00f1os de investigaci\u00f3n de Harry Robson han llevado a la f\u00f3rmula exacta de lo que ahora presentamos: el Roughing Stick.Este es un palo de una sustancia dura y lo que hace es simplemente incre\u00edble. Cuando frota la superficie del palo contra una carta, actuar\u00e1 como lo hace el antiderrapante, solo que mejor. Las cartas permanecen juntas en lugares \u00e1speros, sin embargo, se separan m\u00e1s f\u00e1cilmente sin buscarlas cuando lo desee.<\/p>\n<\/div>\n<p>&nbsp;<\/p>\n","protected":false},"featured_media":2153,"template":"","meta":{"_et_pb_use_builder":"off","_et_pb_old_content":"Ahora podemos contar con la perfecci\u00f3n del fabricante de las cartas Bicycle.","_et_gb_content_width":""},"product_brand":[],"product_cat":[16,54],"product_tag":[],"class_list":{"0":"post-2152","1":"product","2":"type-product","3":"status-publish","4":"has-post-thumbnail","6":"product_cat-accesorios","7":"product_cat-mentalismo","9":"first","10":"instock","11":"featured","12":"shipping-taxable","13":"purchasable","14":"product-type-simple"},"jetpack_sharing_enabled":true,"_links":{"self":[{"href":"https:\/\/magiacompra.com\/index.php\/wp-json\/wp\/v2\/product\/2152","targetHints":{"allow":["GET"]}}],"collection":[{"href":"https:\/\/magiacompra.com\/index.php\/wp-json\/wp\/v2\/product"}],"about":[{"href":"https:\/\/magiacompra.com\/index.php\/wp-json\/wp\/v2\/types\/product"}],"wp:featuredmedia":[{"embeddable":true,"href":"https:\/\/magiacompra.com\/index.php\/wp-json\/wp\/v2\/media\/2153"}],"wp:attachment":[{"href":"https:\/\/magiacompra.com\/index.php\/wp-json\/wp\/v2\/media?parent=2152"}],"wp:term":[{"taxonomy":"product_brand","embeddable":true,"href":"https:\/\/magiacompra.com\/index.php\/wp-json\/wp\/v2\/product_brand?post=2152"},{"taxonomy":"product_cat","embeddable":true,"href":"https:\/\/magiacompra.com\/index.php\/wp-json\/wp\/v2\/product_cat?post=2152"},{"taxonomy":"product_tag","embeddable":true,"href":"https:\/\/magiacompra.com\/index.php\/wp-json\/wp\/v2\/product_tag?post=2152"}],"curies":[{"name":"wp","href":"https:\/\/api.w.org\/{rel}","templated":true}]}}