{"id":2081,"date":"2025-08-24T15:21:01","date_gmt":"2025-08-24T15:21:01","guid":{"rendered":"https:\/\/magiacompra.com\/?post_type=product&#038;p=2081"},"modified":"2025-12-10T11:24:01","modified_gmt":"2025-12-10T11:24:01","slug":"52-to-1-deck-waine-fox-baraja-52-a-1-wyne-fox","status":"publish","type":"product","link":"https:\/\/magiacompra.com\/index.php\/producto\/52-to-1-deck-waine-fox-baraja-52-a-1-wyne-fox\/","title":{"rendered":"52 to 1 deck Waine Fox (Baraja 52)"},"content":{"rendered":"<p>Un espectador piensa en una carta. Nunca te dicen su carta y sin embargo, cortar la baraja ellos mismos, justo en su naipe elegido!Despu\u00e9s de mostrar que las cartas son claramente diferentes, se invita a dos espectadores a pensar en una carta. Sin que ellos nunca digan sus cartas, simplemente quitas dos cartas de la baraja y las colocas en sus palmas extendidas. \u00a1adivinas sus selecciones cada vez!<\/p>\n<p>En una cabaret o rutina de escena, los espectadores son invitados a mirar varias cartas en una cinta extendida. A pesar de que todas las cartas son completamente diferentes, cada una de las cartas pensadas es encontrada. \u00a1Utilice la baraja 52 a 1 para probar que puedes memorizar una baraja de naipes en segundos!Despu\u00e9s de que alguien nombre una carta, instant\u00e1neamente ser\u00e1s capaz de decirles la posici\u00f3n exacta en la baraja y cortar en ella perfectamente. Esto tambi\u00e9n se puede repetir al instante. El 52 a 1 Deck ha sido aclamado por los principales artistas, creadores y estudiosos de la comunidad m\u00e1gica como la m\u00e1s limpia rutina de carta pensada jam\u00e1s creada!<\/p>\n<div id=\"product-description-short-10446\" class=\"product-description\">\n<p>Dificultad: Intermedia<\/p>\n<\/div>\n","protected":false},"excerpt":{"rendered":"<p class=\"boxText\">El 52 a 1 Deck ha sido aclamado por magos como Dynamo o Criss Angel, entre otros, como la m\u00e1s limpia rutina de carta pensada jam\u00e1s creada! En Magic Live 2017, Todos aquellos que llegaron a ver este milagro por s\u00ed mismos estaban hablando de ella. \u00a1mentalistas como Ran Pink, Chris Funk y Bobby Motta no pod\u00edan creer lo que estaban viendo! Muchos efectos son posibles con la baraja hecha a la medida de 52 a 1 incluyendo: separas la baraja claramente, demostrando que cada naipe es totalmente diferente.<\/p>\n<p>https:\/\/www.youtube.com\/watch?v=zCsZHE2hgPY<\/p>\n<p>&nbsp;<\/p>\n<p>&nbsp;<\/p>\n<p>&nbsp;<\/p>\n<p>&nbsp;<\/p>\n","protected":false},"featured_media":2082,"template":"","meta":{"_et_pb_use_builder":"off","_et_pb_old_content":"Ahora podemos contar con la perfecci\u00f3n del fabricante de las cartas Bicycle.","_et_gb_content_width":""},"product_brand":[],"product_cat":[21,54],"product_tag":[],"class_list":{"0":"post-2081","1":"product","2":"type-product","3":"status-publish","4":"has-post-thumbnail","6":"product_cat-barajas","7":"product_cat-mentalismo","9":"first","10":"instock","11":"featured","12":"shipping-taxable","13":"purchasable","14":"product-type-simple"},"jetpack_sharing_enabled":true,"_links":{"self":[{"href":"https:\/\/magiacompra.com\/index.php\/wp-json\/wp\/v2\/product\/2081","targetHints":{"allow":["GET"]}}],"collection":[{"href":"https:\/\/magiacompra.com\/index.php\/wp-json\/wp\/v2\/product"}],"about":[{"href":"https:\/\/magiacompra.com\/index.php\/wp-json\/wp\/v2\/types\/product"}],"wp:featuredmedia":[{"embeddable":true,"href":"https:\/\/magiacompra.com\/index.php\/wp-json\/wp\/v2\/media\/2082"}],"wp:attachment":[{"href":"https:\/\/magiacompra.com\/index.php\/wp-json\/wp\/v2\/media?parent=2081"}],"wp:term":[{"taxonomy":"product_brand","embeddable":true,"href":"https:\/\/magiacompra.com\/index.php\/wp-json\/wp\/v2\/product_brand?post=2081"},{"taxonomy":"product_cat","embeddable":true,"href":"https:\/\/magiacompra.com\/index.php\/wp-json\/wp\/v2\/product_cat?post=2081"},{"taxonomy":"product_tag","embeddable":true,"href":"https:\/\/magiacompra.com\/index.php\/wp-json\/wp\/v2\/product_tag?post=2081"}],"curies":[{"name":"wp","href":"https:\/\/api.w.org\/{rel}","templated":true}]}}