{"id":1680,"date":"2023-07-31T18:38:33","date_gmt":"2023-07-31T18:38:33","guid":{"rendered":"https:\/\/magiacompra.com\/?post_type=product&#038;p=1680"},"modified":"2025-08-24T18:15:25","modified_gmt":"2025-08-24T18:15:25","slug":"svengali-o-radio-bicycle-azul-roja","status":"publish","type":"product","link":"https:\/\/magiacompra.com\/index.php\/producto\/svengali-o-radio-bicycle-azul-roja\/","title":{"rendered":"Svengali o radio bicycle roja"},"content":{"rendered":"<p>\u2022 Sorprende a tu p\u00fablico con un efecto con mu\u00fatiples posibilidades de presentaci\u00f3n.<\/p>\n","protected":false},"excerpt":{"rendered":"<p>A esta baraja se le conoce por svengali o baraja radio. Muestra todas las cartas diferentes, haces un pase m\u00e1gico y todas son iguales. M\u00faltiples posibilidades para multitud de efectos o forzajes. Muestra todas las cartas iguales o diferentes. M\u00faltiples posibilidades para efectos o forzajes. Disponible solo en dorso rojo. El dorso de la baraja es el que se muestra en la foto y no el del video pero su manejo es igual. Acabado a<em>ir <\/em>c<em>ushion<\/em> <em>finish, el cual permite un mejor deslizamiento de las cartas.<\/em><\/p>\n<p>https:\/\/youtu.be\/sPwWZlbEZrs<\/p>\n<p>&nbsp;<\/p>\n<p>&nbsp;<\/p>\n","protected":false},"featured_media":1901,"template":"","meta":{"_et_pb_use_builder":"off","_et_pb_old_content":"Ahora podemos contar con la perfecci\u00f3n del fabricante de las cartas Bicycle.","_et_gb_content_width":""},"product_brand":[],"product_cat":[21],"product_tag":[],"class_list":{"0":"post-1680","1":"product","2":"type-product","3":"status-publish","4":"has-post-thumbnail","6":"product_cat-barajas","8":"first","9":"instock","10":"shipping-taxable","11":"purchasable","12":"product-type-simple"},"jetpack_sharing_enabled":true,"_links":{"self":[{"href":"https:\/\/magiacompra.com\/index.php\/wp-json\/wp\/v2\/product\/1680","targetHints":{"allow":["GET"]}}],"collection":[{"href":"https:\/\/magiacompra.com\/index.php\/wp-json\/wp\/v2\/product"}],"about":[{"href":"https:\/\/magiacompra.com\/index.php\/wp-json\/wp\/v2\/types\/product"}],"wp:featuredmedia":[{"embeddable":true,"href":"https:\/\/magiacompra.com\/index.php\/wp-json\/wp\/v2\/media\/1901"}],"wp:attachment":[{"href":"https:\/\/magiacompra.com\/index.php\/wp-json\/wp\/v2\/media?parent=1680"}],"wp:term":[{"taxonomy":"product_brand","embeddable":true,"href":"https:\/\/magiacompra.com\/index.php\/wp-json\/wp\/v2\/product_brand?post=1680"},{"taxonomy":"product_cat","embeddable":true,"href":"https:\/\/magiacompra.com\/index.php\/wp-json\/wp\/v2\/product_cat?post=1680"},{"taxonomy":"product_tag","embeddable":true,"href":"https:\/\/magiacompra.com\/index.php\/wp-json\/wp\/v2\/product_tag?post=1680"}],"curies":[{"name":"wp","href":"https:\/\/api.w.org\/{rel}","templated":true}]}}